{"id":17,"date":"2026-02-19T15:01:36","date_gmt":"2026-02-19T14:01:36","guid":{"rendered":"\/?page_id=17"},"modified":"2026-02-19T15:01:36","modified_gmt":"2026-02-19T14:01:36","slug":"liens-utiles","status":"publish","type":"page","link":"\/?page_id=17&lang=fr","title":{"rendered":"Liens utiles"},"content":{"rendered":"<p><a class=\"footer footer-link\" title=\"Pr\u00e9sidence de la R\u00e9publique\" href=\"https:\/\/el-mouradia.dz\/\">Pr\u00e9sidence de la R\u00e9publique<\/a><\/p>\n<p><a class=\"footer footer-link\" title=\"Conseil de la Nation\" href=\"http:\/\/www.majliselouma.dz\/\">Conseil de la Nation<\/a><\/p>\n<p><a class=\"footer footer-link\" title=\"Assembl\u00e9e Populaire Nationale\" href=\"http:\/\/www.apn.dz\/\">Assembl\u00e9e Populaire Nationale<\/a><\/p>\n<p><a class=\"footer footer-link\" title=\"Conseil Constitutionnel\" href=\"http:\/\/www.conseil-constitutionnel.dz\/\">Conseil Constitutionnel<\/a><\/p>\n<p><strong>Minist\u00e8res<\/strong><\/p>\n<p><strong>Premier Minist\u00e8re\u00a0<\/strong><\/p>\n<p><strong><a href=\"http:\/\/www.premier-ministre.gov.dz\/fr\/gouvernement\/\">http:\/\/www.premier-ministre.gov.dz\/<\/a><\/strong><\/p>\n<hr \/>\n<p><strong>Minist\u00e8re\u00a0 de la D\u00e9fense\u00a0 Nationale\u00a0 <\/strong><\/p>\n<p><strong><a href=\"http:\/\/www.mdn.dz\/\">http:\/\/www.mdn.dz\/<\/a><\/strong><\/p>\n<hr \/>\n<p><strong>Minist\u00e8re des Affaires Etrang\u00e8res\u00a0<\/strong><\/p>\n<p><strong><a href=\"http:\/\/www.mae.gov.dz\/\">http:\/\/www.mae.gov.dz\/<\/a><\/strong><\/p>\n<hr \/>\n<p><strong>Minist\u00e8re de l\u2019Int\u00e9rieur, des Collectivit\u00e9s locales<\/strong><strong>\u00a0et de l&rsquo;Am\u00e9nagement du Territoire<\/strong><strong>\u00a0<\/strong><\/p>\n<p><strong><a href=\"http:\/\/www.interieur.gov.dz\/\">http:\/\/www.interieur.gov.dz\/<\/a><\/strong><\/p>\n<hr \/>\n<p><strong>Minist\u00e8re de la justice, garde des sceaux<\/strong><\/p>\n<p><a href=\"https:\/\/www.mjustice.dz\/\"><strong>https:\/\/www.mjustice.dz\/<\/strong><\/a><\/p>\n<hr \/>\n<p><strong>Minist\u00e8re des Finances <\/strong><\/p>\n<p><strong><a href=\"http:\/\/www.mf.gov.dz\/\">http:\/\/www.mf.gov.dz\/<\/a><\/strong><\/p>\n<hr \/>\n<p><strong>Minist\u00e8re de l\u2019Energie et des Mines<\/strong><\/p>\n<p><strong><a href=\"https:\/\/www.energy.gov.dz\/\">https:\/\/www.energy.gov.dz\/<\/a><\/strong><\/p>\n<hr \/>\n<p><strong>Minist\u00e8re des Moudjahidines <\/strong><\/p>\n<p><strong><a href=\"https:\/\/m-moudjahidine.dz\/\">https:\/\/m-moudjahidine.dz\/<\/a><\/strong><\/p>\n<hr \/>\n<p><strong>Minist\u00e8re des Affaires Religieuses et des Wakfs<\/strong><\/p>\n<p><strong><a href=\"http:\/\/www.marw.dz\/\">http:\/\/www.marw.dz\/<\/a><\/strong><\/p>\n<hr \/>\n<p><strong>Minist\u00e8re de l\u2019\u00c9ducation Nationale <\/strong><br \/>\n<strong><a href=\"http:\/\/www.education.gov.dz\/\">http:\/\/www.education.gov.dz\/<\/a><\/strong><\/p>\n<hr \/>\n<p><strong>Minist\u00e8re de l\u2019Enseignement Sup\u00e9rieur et de la Recherche Scientifique <\/strong><br \/>\n<strong><a href=\"https:\/\/www.mesrs.dz\/\">https:\/\/www.mesrs.dz\/<\/a><\/strong><\/p>\n<hr \/>\n<p><strong>Minist\u00e8re de la Formation et de l\u2019Enseignement Professionnels<\/strong><br \/>\n<strong><a href=\"http:\/\/www.mfep.gov.dz\/\">http:\/\/www.mfep.gov.dz\/<\/a><\/strong><\/p>\n<hr \/>\n<p><strong>Minist\u00e8re de la Culture <\/strong><br \/>\n<strong><a href=\"https:\/\/www.m-culture.gov.dz\/\">https:\/\/www.m-culture.gov.dz\/<\/a><\/strong><\/p>\n<hr \/>\n<p><strong>Minist\u00e8re de la Poste et des T\u00e9l\u00e9communications<\/strong><br \/>\n<strong><a href=\"http:\/\/www.mptic.dz\/\">http:\/\/www.mptic.dz\/<\/a><\/strong><\/p>\n<hr \/>\n<p><strong>Minist\u00e8re de la Jeunesse et des Sports <\/strong><br \/>\n<strong><a href=\"http:\/\/www.mjs.gov.dz\/\">http:\/\/www.mjs.gov.dz\/<\/a><\/strong><\/p>\n<hr \/>\n<p><strong>Minist\u00e8re de la Solidarit\u00e9 Nationale, de la Famille et de la Condition de la Femme <\/strong><br \/>\n<strong><a href=\"http:\/\/www.msnfcf.gov.dz\/\">http:\/\/www.msnfcf.gov.dz\/<\/a><\/strong><\/p>\n<hr \/>\n<p><strong>Minist\u00e8re de L&rsquo;industrie<\/strong><br \/>\n<strong><a href=\"https:\/\/www.industrie.gov.dz\/\">https:\/\/www.industrie.gov.dz\/<\/a><\/strong><\/p>\n<hr \/>\n<p><strong>Minist\u00e8re de l\u2019Agriculture et du D\u00e9veloppement Rural<\/strong><br \/>\n<a href=\"https:\/\/madr.gov.dz\/\"><strong>https:\/\/madr.gov.dz\/<\/strong><\/a><\/p>\n<hr \/>\n<p><strong>Minist\u00e8re de l\u2019Habitat, de l\u2019Urbanisme et de la Ville <\/strong><br \/>\n<strong><a href=\"https:\/\/www.mhuv.gov.dz\/\">https:\/\/www.mhuv.gov.dz\/<\/a><\/strong><\/p>\n<hr \/>\n<p><strong>Minist\u00e8re du Commerce et de la Promotion des Exportations<\/strong><br \/>\n<strong><a href=\"https:\/\/www.commerce.gov.dz\/\">https:\/\/www.commerce.gov.dz\/<\/a><\/strong><\/p>\n<hr \/>\n<p><strong>Minist\u00e8re de la Communication <\/strong><br \/>\n<strong><a href=\"http:\/\/www.ministerecommunication.gov.dz\/\">http:\/\/www.ministerecommunication.gov.dz\/<\/a><\/strong><\/p>\n<hr \/>\n<p><strong>Minist\u00e8re des Ressources en Eau et de la S\u00e9curit\u00e9 Hydrique\u00a0<\/strong><br \/>\n<strong><a href=\"https:\/\/www.mre.gov.dz\/\">https:\/\/www.mre.gov.dz\/<\/a><\/strong><\/p>\n<hr \/>\n<p><strong>Minist\u00e8re du Tourisme et de l&rsquo;Artisanat<\/strong><br \/>\n<a href=\"http:\/\/www.matta.gov.dz\/index.php\/fr\/\"><strong>http:\/\/www.matta.gov.dz\/<\/strong><\/a><\/p>\n<hr \/>\n<p><strong>Minist\u00e8re de la Sant\u00e9, de la Population et de la R\u00e9forme Hospitali\u00e8re <\/strong><br \/>\n<strong><a href=\"http:\/\/www.sante.gov.dz\/\">http:\/\/www.sante.gov.dz\/<\/a><\/strong><\/p>\n<hr \/>\n<p><strong>Minist\u00e8re du Travail, de l\u2019Emploi et de la S\u00e9curit\u00e9 Sociale <\/strong><br \/>\n<strong><a href=\"http:\/\/www.mtess.gov.dz\/index.php\/\">http:\/\/www.mtess.gov.dz\/index.php\/<\/a><\/strong><\/p>\n<hr \/>\n<p><strong>Minist\u00e8re des relations avec le Parlement<\/strong><br \/>\n<strong><a href=\"http:\/\/www.mrp.gov.dz\/Ministere\/index.html\">http:\/\/www.mrp.gov.dz<\/a><\/strong><\/p>\n<hr \/>\n<p><strong>Minist\u00e8re de l&rsquo;environnement<\/strong><br \/>\n<strong><a href=\"http:\/\/www.meer.gov.dz\">http:\/\/www.meer.gov.dz<\/a><\/strong><\/p>\n","protected":false},"excerpt":{"rendered":"<p>Pr\u00e9sidence de la R\u00e9publique Conseil de la Nation Assembl\u00e9e Populaire Nationale Conseil Constitutionnel Minist\u00e8res Premier Minist\u00e8re\u00a0 http:\/\/www.premier-ministre.gov.dz\/ Minist\u00e8re\u00a0 de la D\u00e9fense\u00a0 Nationale\u00a0 http:\/\/www.mdn.dz\/ Minist\u00e8re des Affaires Etrang\u00e8res\u00a0 http:\/\/www.mae.gov.dz\/ Minist\u00e8re de l\u2019Int\u00e9rieur, des Collectivit\u00e9s locales\u00a0et de l&rsquo;Am\u00e9nagement du Territoire\u00a0 http:\/\/www.interieur.gov.dz\/ Minist\u00e8re de la justice, garde des sceaux https:\/\/www.mjustice.dz\/ Minist\u00e8re des Finances http:\/\/www.mf.gov.dz\/ Minist\u00e8re de l\u2019Energie et [&hellip;]<\/p>\n","protected":false},"author":1,"featured_media":0,"parent":0,"menu_order":0,"comment_status":"closed","ping_status":"closed","template":"","meta":{"footnotes":""},"class_list":["post-17","page","type-page","status-publish","hentry","post"],"_links":{"self":[{"href":"\/index.php?rest_route=\/wp\/v2\/pages\/17","targetHints":{"allow":["GET"]}}],"collection":[{"href":"\/index.php?rest_route=\/wp\/v2\/pages"}],"about":[{"href":"\/index.php?rest_route=\/wp\/v2\/types\/page"}],"author":[{"embeddable":true,"href":"\/index.php?rest_route=\/wp\/v2\/users\/1"}],"replies":[{"embeddable":true,"href":"\/index.php?rest_route=%2Fwp%2Fv2%2Fcomments&post=17"}],"version-history":[{"count":1,"href":"\/index.php?rest_route=\/wp\/v2\/pages\/17\/revisions"}],"predecessor-version":[{"id":18,"href":"\/index.php?rest_route=\/wp\/v2\/pages\/17\/revisions\/18"}],"wp:attachment":[{"href":"\/index.php?rest_route=%2Fwp%2Fv2%2Fmedia&parent=17"}],"curies":[{"name":"wp","href":"https:\/\/api.w.org\/{rel}","templated":true}]}}